{"id":43,"date":"2026-02-14T18:00:00","date_gmt":"2026-02-14T17:00:00","guid":{"rendered":"http:\/\/www.theater-schenkon.ch\/Wordpress\/?page_id=43"},"modified":"2026-02-14T19:10:38","modified_gmt":"2026-02-14T18:10:38","slug":"vorstand","status":"publish","type":"page","link":"https:\/\/www.theater-schenkon.ch\/Wordpress\/?page_id=43","title":{"rendered":"Vorstand"},"content":{"rendered":"\n<figure class=\"wp-block-image size-large is-resized\"><img loading=\"lazy\" decoding=\"async\" width=\"1024\" height=\"885\" src=\"http:\/\/www.theater-schenkon.ch\/Wordpress\/wp-content\/uploads\/2026\/02\/Vorstand_2025-e1771092213782-1024x885.jpg\" alt=\"\" class=\"wp-image-480\" style=\"width:553px;height:auto\" srcset=\"https:\/\/www.theater-schenkon.ch\/Wordpress\/wp-content\/uploads\/2026\/02\/Vorstand_2025-e1771092213782-1024x885.jpg 1024w, https:\/\/www.theater-schenkon.ch\/Wordpress\/wp-content\/uploads\/2026\/02\/Vorstand_2025-e1771092213782-300x259.jpg 300w, https:\/\/www.theater-schenkon.ch\/Wordpress\/wp-content\/uploads\/2026\/02\/Vorstand_2025-e1771092213782-768x664.jpg 768w, https:\/\/www.theater-schenkon.ch\/Wordpress\/wp-content\/uploads\/2026\/02\/Vorstand_2025-e1771092213782.jpg 1061w\" sizes=\"(max-width: 1024px) 100vw, 1024px\" \/><figcaption class=\"wp-element-caption\">v. l. n. r. Gabi L\u00fcthi, Carmen Krauer, Thomas Faden<\/figcaption><\/figure>\n\n\n\n<p>Pr\u00e4sidentin: <a href=\"mailto:praesident@theater-schenkon.ch\">Carmen Krauer<\/a> <br>Vizepr\u00e4sidentin: Gabi L\u00fcthy<br>Aktuar: Thomas Faden <\/p>\n\n\n\n<p>Kassier: David Lischer <br><br><\/p>\n","protected":false},"excerpt":{"rendered":"<p>Pr\u00e4sidentin: Carmen Krauer Vizepr\u00e4sidentin: Gabi L\u00fcthyAktuar: Thomas Faden Kassier: David Lischer<\/p>\n","protected":false},"author":1,"featured_media":0,"parent":8,"menu_order":0,"comment_status":"closed","ping_status":"closed","template":"","meta":{"footnotes":""},"_links":{"self":[{"href":"https:\/\/www.theater-schenkon.ch\/Wordpress\/index.php?rest_route=\/wp\/v2\/pages\/43"}],"collection":[{"href":"https:\/\/www.theater-schenkon.ch\/Wordpress\/index.php?rest_route=\/wp\/v2\/pages"}],"about":[{"href":"https:\/\/www.theater-schenkon.ch\/Wordpress\/index.php?rest_route=\/wp\/v2\/types\/page"}],"author":[{"embeddable":true,"href":"https:\/\/www.theater-schenkon.ch\/Wordpress\/index.php?rest_route=\/wp\/v2\/users\/1"}],"replies":[{"embeddable":true,"href":"https:\/\/www.theater-schenkon.ch\/Wordpress\/index.php?rest_route=%2Fwp%2Fv2%2Fcomments&post=43"}],"version-history":[{"count":14,"href":"https:\/\/www.theater-schenkon.ch\/Wordpress\/index.php?rest_route=\/wp\/v2\/pages\/43\/revisions"}],"predecessor-version":[{"id":484,"href":"https:\/\/www.theater-schenkon.ch\/Wordpress\/index.php?rest_route=\/wp\/v2\/pages\/43\/revisions\/484"}],"up":[{"embeddable":true,"href":"https:\/\/www.theater-schenkon.ch\/Wordpress\/index.php?rest_route=\/wp\/v2\/pages\/8"}],"wp:attachment":[{"href":"https:\/\/www.theater-schenkon.ch\/Wordpress\/index.php?rest_route=%2Fwp%2Fv2%2Fmedia&parent=43"}],"curies":[{"name":"wp","href":"https:\/\/api.w.org\/{rel}","templated":true}]}}

<figure class="wp-block-image size-large is-resized"><img loading="lazy" decoding="async" width="1024" height="885" src="http://www.theater-schenkon.ch/Wordpress/wp-content/uploads/2026/02/Vorstand_2025-e1771092213782-1024x885.jpg" alt="" class="wp-image-480" style="width:553px;height:auto" srcset="https://www.theater-schenkon.ch/Wordpress/wp-content/uploads/2026/02/Vorstand_2025-e1771092213782-1024x885.jpg 1024w, https://www.theater-schenkon.ch/Wordpress/wp-content/uploads/2026/02/Vorstand_2025-e1771092213782-300x259.jpg 300w, https://www.theater-schenkon.ch/Wordpress/wp-content/uploads/2026/02/Vorstand_2025-e1771092213782-768x664.jpg 768w, https://www.theater-schenkon.ch/Wordpress/wp-content/uploads/2026/02/Vorstand_2025-e1771092213782.jpg 1061w" sizes="(max-width: 1024px) 100vw, 1024px" /><figcaption class="wp-element-caption">v. l. n. r. Gabi Lüthi, Carmen Krauer, Thomas Faden</figcaption></figure>



<p>Präsidentin: <a href="mailto:praesident@theater-schenkon.ch">Carmen Krauer</a> <br>Vizepräsidentin: Gabi Lüthy<br>Aktuar: Thomas Faden </p>



<p>Kassier: David Lischer <br><br></p>

<p>Präsidentin: Carmen Krauer Vizepräsidentin: Gabi LüthyAktuar: Thomas Faden Kassier: David Lischer</p>
