{"id":262,"date":"2019-12-14T12:54:04","date_gmt":"2019-12-14T11:54:04","guid":{"rendered":"http:\/\/www.theater-schenkon.ch\/Wordpress\/?page_id=262"},"modified":"2019-12-14T12:55:01","modified_gmt":"2019-12-14T11:55:01","slug":"fondueplausch","status":"publish","type":"page","link":"https:\/\/www.theater-schenkon.ch\/Wordpress\/?page_id=262","title":{"rendered":"Fondueplausch"},"content":{"rendered":"\n<p>Eine kleine Gruppe traf sich bei Pr\u00e4sident David Lischer zu einem gem\u00fctlichen Fondue-Abend. Besten Dank f\u00fcr das Gastrecht.<\/p>\n\n\n\n<ul class=\"wp-block-gallery columns-1 is-cropped wp-block-gallery-1 is-layout-flex wp-block-gallery-is-layout-flex\"><li class=\"blocks-gallery-item\"><figure><img loading=\"lazy\" decoding=\"async\" width=\"768\" height=\"1024\" src=\"http:\/\/www.theater-schenkon.ch\/Wordpress\/wp-content\/uploads\/2019\/12\/IMG-20191214-WA0000-768x1024.jpg\" alt=\"\" data-id=\"265\" data-link=\"http:\/\/www.theater-schenkon.ch\/Wordpress\/?attachment_id=265\" class=\"wp-image-265\" srcset=\"https:\/\/www.theater-schenkon.ch\/Wordpress\/wp-content\/uploads\/2019\/12\/IMG-20191214-WA0000-768x1024.jpg 768w, https:\/\/www.theater-schenkon.ch\/Wordpress\/wp-content\/uploads\/2019\/12\/IMG-20191214-WA0000-225x300.jpg 225w, https:\/\/www.theater-schenkon.ch\/Wordpress\/wp-content\/uploads\/2019\/12\/IMG-20191214-WA0000.jpg 1536w\" sizes=\"(max-width: 768px) 100vw, 768px\" \/><\/figure><\/li><li class=\"blocks-gallery-item\"><figure><img loading=\"lazy\" decoding=\"async\" width=\"1024\" height=\"768\" src=\"http:\/\/www.theater-schenkon.ch\/Wordpress\/wp-content\/uploads\/2019\/12\/IMG-20191214-WA0001-1-1024x768.jpg\" alt=\"\" data-id=\"266\" data-link=\"http:\/\/www.theater-schenkon.ch\/Wordpress\/?attachment_id=266\" class=\"wp-image-266\" srcset=\"https:\/\/www.theater-schenkon.ch\/Wordpress\/wp-content\/uploads\/2019\/12\/IMG-20191214-WA0001-1-1024x768.jpg 1024w, https:\/\/www.theater-schenkon.ch\/Wordpress\/wp-content\/uploads\/2019\/12\/IMG-20191214-WA0001-1-300x225.jpg 300w, https:\/\/www.theater-schenkon.ch\/Wordpress\/wp-content\/uploads\/2019\/12\/IMG-20191214-WA0001-1-768x576.jpg 768w, https:\/\/www.theater-schenkon.ch\/Wordpress\/wp-content\/uploads\/2019\/12\/IMG-20191214-WA0001-1.jpg 2048w\" sizes=\"(max-width: 1024px) 100vw, 1024px\" \/><\/figure><\/li><li class=\"blocks-gallery-item\"><figure><img loading=\"lazy\" decoding=\"async\" width=\"768\" height=\"1024\" src=\"http:\/\/www.theater-schenkon.ch\/Wordpress\/wp-content\/uploads\/2019\/12\/IMG-20191214-WA0004-768x1024.jpg\" alt=\"\" data-id=\"267\" data-link=\"http:\/\/www.theater-schenkon.ch\/Wordpress\/?attachment_id=267\" class=\"wp-image-267\" srcset=\"https:\/\/www.theater-schenkon.ch\/Wordpress\/wp-content\/uploads\/2019\/12\/IMG-20191214-WA0004-768x1024.jpg 768w, https:\/\/www.theater-schenkon.ch\/Wordpress\/wp-content\/uploads\/2019\/12\/IMG-20191214-WA0004-225x300.jpg 225w, https:\/\/www.theater-schenkon.ch\/Wordpress\/wp-content\/uploads\/2019\/12\/IMG-20191214-WA0004.jpg 1536w\" sizes=\"(max-width: 768px) 100vw, 768px\" \/><\/figure><\/li><\/ul>\n","protected":false},"excerpt":{"rendered":"<p>Eine kleine Gruppe traf sich bei Pr\u00e4sident David Lischer zu einem gem\u00fctlichen Fondue-Abend. Besten Dank f\u00fcr das Gastrecht.<\/p>\n","protected":false},"author":1,"featured_media":0,"parent":0,"menu_order":0,"comment_status":"closed","ping_status":"closed","template":"","meta":{"footnotes":""},"_links":{"self":[{"href":"https:\/\/www.theater-schenkon.ch\/Wordpress\/index.php?rest_route=\/wp\/v2\/pages\/262"}],"collection":[{"href":"https:\/\/www.theater-schenkon.ch\/Wordpress\/index.php?rest_route=\/wp\/v2\/pages"}],"about":[{"href":"https:\/\/www.theater-schenkon.ch\/Wordpress\/index.php?rest_route=\/wp\/v2\/types\/page"}],"author":[{"embeddable":true,"href":"https:\/\/www.theater-schenkon.ch\/Wordpress\/index.php?rest_route=\/wp\/v2\/users\/1"}],"replies":[{"embeddable":true,"href":"https:\/\/www.theater-schenkon.ch\/Wordpress\/index.php?rest_route=%2Fwp%2Fv2%2Fcomments&post=262"}],"version-history":[{"count":2,"href":"https:\/\/www.theater-schenkon.ch\/Wordpress\/index.php?rest_route=\/wp\/v2\/pages\/262\/revisions"}],"predecessor-version":[{"id":269,"href":"https:\/\/www.theater-schenkon.ch\/Wordpress\/index.php?rest_route=\/wp\/v2\/pages\/262\/revisions\/269"}],"wp:attachment":[{"href":"https:\/\/www.theater-schenkon.ch\/Wordpress\/index.php?rest_route=%2Fwp%2Fv2%2Fmedia&parent=262"}],"curies":[{"name":"wp","href":"https:\/\/api.w.org\/{rel}","templated":true}]}}

<p>Eine kleine Gruppe traf sich bei Präsident David Lischer zu einem gemütlichen Fondue-Abend. Besten Dank für das Gastrecht.</p>



<ul class="wp-block-gallery columns-1 is-cropped wp-block-gallery-1 is-layout-flex wp-block-gallery-is-layout-flex"><li class="blocks-gallery-item"><figure><img loading="lazy" decoding="async" width="768" height="1024" src="http://www.theater-schenkon.ch/Wordpress/wp-content/uploads/2019/12/IMG-20191214-WA0000-768x1024.jpg" alt="" data-id="265" data-link="http://www.theater-schenkon.ch/Wordpress/?attachment_id=265" class="wp-image-265" srcset="https://www.theater-schenkon.ch/Wordpress/wp-content/uploads/2019/12/IMG-20191214-WA0000-768x1024.jpg 768w, https://www.theater-schenkon.ch/Wordpress/wp-content/uploads/2019/12/IMG-20191214-WA0000-225x300.jpg 225w, https://www.theater-schenkon.ch/Wordpress/wp-content/uploads/2019/12/IMG-20191214-WA0000.jpg 1536w" sizes="(max-width: 768px) 100vw, 768px" /></figure></li><li class="blocks-gallery-item"><figure><img loading="lazy" decoding="async" width="1024" height="768" src="http://www.theater-schenkon.ch/Wordpress/wp-content/uploads/2019/12/IMG-20191214-WA0001-1-1024x768.jpg" alt="" data-id="266" data-link="http://www.theater-schenkon.ch/Wordpress/?attachment_id=266" class="wp-image-266" srcset="https://www.theater-schenkon.ch/Wordpress/wp-content/uploads/2019/12/IMG-20191214-WA0001-1-1024x768.jpg 1024w, https://www.theater-schenkon.ch/Wordpress/wp-content/uploads/2019/12/IMG-20191214-WA0001-1-300x225.jpg 300w, https://www.theater-schenkon.ch/Wordpress/wp-content/uploads/2019/12/IMG-20191214-WA0001-1-768x576.jpg 768w, https://www.theater-schenkon.ch/Wordpress/wp-content/uploads/2019/12/IMG-20191214-WA0001-1.jpg 2048w" sizes="(max-width: 1024px) 100vw, 1024px" /></figure></li><li class="blocks-gallery-item"><figure><img loading="lazy" decoding="async" width="768" height="1024" src="http://www.theater-schenkon.ch/Wordpress/wp-content/uploads/2019/12/IMG-20191214-WA0004-768x1024.jpg" alt="" data-id="267" data-link="http://www.theater-schenkon.ch/Wordpress/?attachment_id=267" class="wp-image-267" srcset="https://www.theater-schenkon.ch/Wordpress/wp-content/uploads/2019/12/IMG-20191214-WA0004-768x1024.jpg 768w, https://www.theater-schenkon.ch/Wordpress/wp-content/uploads/2019/12/IMG-20191214-WA0004-225x300.jpg 225w, https://www.theater-schenkon.ch/Wordpress/wp-content/uploads/2019/12/IMG-20191214-WA0004.jpg 1536w" sizes="(max-width: 768px) 100vw, 768px" /></figure></li></ul>

<p>Eine kleine Gruppe traf sich bei Präsident David Lischer zu einem gemütlichen Fondue-Abend. Besten Dank für das Gastrecht.</p>
